{"id":13,"date":"2022-12-03T08:47:43","date_gmt":"2022-12-03T08:47:43","guid":{"rendered":"http:\/\/tech3.mypagedemo.com\/id4\/?page_id=13"},"modified":"2022-12-23T09:13:00","modified_gmt":"2022-12-23T09:13:00","slug":"id-4-guide","status":"publish","type":"page","link":"https:\/\/tech3.mypagedemo.com\/id4\/id-4-guide","title":{"rendered":"iD-4 Guide"},"content":{"rendered":"<p>[vc_row][vc_column][vc_custom_heading text=&#8221;Video h\u01b0\u1edbng d\u1eabn cho m\u00e1ng \u0111\u01a1n l\u1ebb&#8221; font_container=&#8221;tag:h2|text_align:center&#8221; use_theme_fonts=&#8221;yes&#8221; text_transform=&#8221;text-uppercase&#8221; el_class=&#8221;custom_heading heading_center m-b-lg&#8221;][vc_row_inner][vc_column_inner width=&#8221;1\/6&#8243;][\/vc_column_inner][vc_column_inner width=&#8221;2\/3&#8243;][vc_video link=&#8221;https:\/\/www.youtube.com\/watch?v=66s9JJ89WS0&#8243;][\/vc_column_inner][vc_column_inner width=&#8221;1\/6&#8243;][\/vc_column_inner][\/vc_row_inner][\/vc_column][\/vc_row][vc_row full_width=&#8221;stretch_row&#8221; animation_type=&#8221;fadeInUp&#8221; css=&#8221;.vc_custom_1670496996715{background-color: #fafaf6 !important;}&#8221;][vc_column][vc_custom_heading text=&#8221;iD-4 GUIDE&#8221; font_container=&#8221;tag:h2|text_align:center&#8221; use_theme_fonts=&#8221;yes&#8221; text_transform=&#8221;text-uppercase&#8221; el_class=&#8221;custom_heading heading_center&#8221;][vc_column_text]<\/p>\n<p style=\"text-align: center;\">Simple tool that leads to successful treatment<\/p>\n<p>[\/vc_column_text][vc_column_text]<strong>M\u00e1ng h\u01b0\u1edbng d\u1eabn ph\u1eabu thu\u1eadt cho b\u1ec7nh nh\u00e2n m\u1ea5t r\u0103ng b\u00e1n ph\u1ea7n<\/strong><br \/>\niD-4TM GUIDE l\u00e0 m\u00e1ng h\u01b0\u1edbng d\u1eabn ph\u1eabu thu\u1eadt \u0111\u00e3 \u0111\u01b0\u1ee3c thi\u1ebft k\u1ebf theo k\u1ebf ho\u1ea1ch \u0111i\u1ec1u tr\u1ecb t\u1eeb tr\u01b0\u1edbc, gi\u00fap b\u00e1c s\u0129 c\u1ea5y gh\u00e9p Implant \u1edf v\u1ecb tr\u00ed ch\u00ednh x\u00e1c, v\u1edbi \u0111\u1ed9 s\u00e2u v\u00e0 chi\u1ec1u h\u01b0\u1edbng l\u00fd t\u01b0\u1edfng nh\u1ea5t. M\u00e1ng \u0111\u01b0\u1ee3c l\u00e0m b\u1eb1ng nh\u1ef1a acrylic c\u1ee9ng ch\u1eafc, \u0111\u1ea3m b\u1ea3o s\u1ef1 \u1ed5n \u0111\u1ecbnh v\u00e0 kh\u00f4ng bi\u1ebfn d\u1ea1ng trong qu\u00e1 tr\u00ecnh thao t\u00e1c. Tr\u00ean m\u00e1ng c\u00f3 m\u1ed9t ho\u1eb7c nhi\u1ec1u xi lanh kim lo\u1ea1i \u0111\u01b0\u1ee3c t\u00edch h\u1ee3p v\u00e0o trong nh\u1ef1a acrylic, h\u01b0\u1edbng d\u1eabn qu\u00e1 tr\u00ecnh ph\u1eabu thu\u1eadt th\u00f4ng qua c\u1eeda s\u1ed5 m\u1edf[\/vc_column_text][vc_row_inner el_class=&#8221;wrap_listtext&#8221;][vc_column_inner width=&#8221;1\/2&#8243;][vc_single_image image=&#8221;92&#8243; img_size=&#8221;full&#8221; alignment=&#8221;center&#8221;][\/vc_column_inner][vc_column_inner width=&#8221;1\/2&#8243;][vc_column_text]<\/p>\n<ul>\n<li><strong>\u0110\u1ecbnh v\u1ecb ch\u00ednh x\u00e1c v\u1ecb tr\u00ed Implant<\/strong><br \/>\niD-4 GUIDE cho ph\u00e9p \u0111\u1ecbnh h\u01b0\u1edbng v\u00e0 quan s\u00e1t to\u00e0n di\u1ec7n khi khoan, h\u1ea1n ch\u1ebf t\u1ed1i \u0111a m\u1ecdi sai s\u00f3t trong qu\u00e1 tr\u00ecnh ph\u1eabu thu\u1eadt<\/li>\n<li>M<strong>ang l\u1ea1i s\u1ef1 t\u1ef1 tin<\/strong><br \/>\niD-4 Guide mang l\u1ea1i s\u1ef1 t\u1ef1 tin cho m\u1ecdi ph\u1eabu thu\u1eadt vi\u00ean<br \/>\ntrong qu\u00e1 tr\u00ecnh ph\u1eabu thu\u1eadt<\/li>\n<\/ul>\n<p>[\/vc_column_text][\/vc_column_inner][\/vc_row_inner][\/vc_column][\/vc_row]<\/p>\n","protected":false},"excerpt":{"rendered":"<p>[vc_row][vc_column][vc_custom_heading text=&#8221;Video h\u01b0\u1edbng d\u1eabn cho m\u00e1ng \u0111\u01a1n l\u1ebb&#8221; font_container=&#8221;tag:h2|text_align:center&#8221; use_theme_fonts=&#8221;yes&#8221; text_transform=&#8221;text-uppercase&#8221; el_class=&#8221;custom_heading heading_center m-b-lg&#8221;][vc_row_inner][vc_column_inner width=&#8221;1\/6&#8243;][\/vc_column_inner][vc_column_inner width=&#8221;2\/3&#8243;][vc_video link=&#8221;https:\/\/www.youtube.com\/watch?v=66s9JJ89WS0&#8243;][\/vc_column_inner][vc_column_inner width=&#8221;1\/6&#8243;][\/vc_column_inner][\/vc_row_inner][\/vc_column][\/vc_row][vc_row full_width=&#8221;stretch_row&#8221; animation_type=&#8221;fadeInUp&#8221; css=&#8221;.vc_custom_1670496996715{background-color: #fafaf6 !important;}&#8221;][vc_column][vc_custom_heading text=&#8221;iD-4 GUIDE&#8221; font_container=&#8221;tag:h2|text_align:center&#8221; use_theme_fonts=&#8221;yes&#8221; text_transform=&#8221;text-uppercase&#8221; el_class=&#8221;custom_heading heading_center&#8221;][vc_column_text] Simple tool that leads to successful treatment [\/vc_column_text][vc_column_text]M\u00e1ng h\u01b0\u1edbng d\u1eabn ph\u1eabu thu\u1eadt cho b\u1ec7nh nh\u00e2n m\u1ea5t r\u0103ng b\u00e1n ph\u1ea7n iD-4TM GUIDE l\u00e0 m\u00e1ng h\u01b0\u1edbng d\u1eabn [&hellip;]<\/p>\n","protected":false},"author":1,"featured_media":0,"parent":0,"menu_order":0,"comment_status":"closed","ping_status":"closed","template":"","meta":[],"_links":{"self":[{"href":"https:\/\/tech3.mypagedemo.com\/id4\/wp-json\/wp\/v2\/pages\/13"}],"collection":[{"href":"https:\/\/tech3.mypagedemo.com\/id4\/wp-json\/wp\/v2\/pages"}],"about":[{"href":"https:\/\/tech3.mypagedemo.com\/id4\/wp-json\/wp\/v2\/types\/page"}],"author":[{"embeddable":true,"href":"https:\/\/tech3.mypagedemo.com\/id4\/wp-json\/wp\/v2\/users\/1"}],"replies":[{"embeddable":true,"href":"https:\/\/tech3.mypagedemo.com\/id4\/wp-json\/wp\/v2\/comments?post=13"}],"version-history":[{"count":7,"href":"https:\/\/tech3.mypagedemo.com\/id4\/wp-json\/wp\/v2\/pages\/13\/revisions"}],"predecessor-version":[{"id":316,"href":"https:\/\/tech3.mypagedemo.com\/id4\/wp-json\/wp\/v2\/pages\/13\/revisions\/316"}],"wp:attachment":[{"href":"https:\/\/tech3.mypagedemo.com\/id4\/wp-json\/wp\/v2\/media?parent=13"}],"curies":[{"name":"wp","href":"https:\/\/api.w.org\/{rel}","templated":true}]}}