{"id":2,"date":"2022-12-02T12:50:26","date_gmt":"2022-12-02T12:50:26","guid":{"rendered":"http:\/\/tech3.mypagedemo.com\/id4\/?page_id=2"},"modified":"2025-06-18T07:24:49","modified_gmt":"2025-06-18T07:24:49","slug":"trang-chu","status":"publish","type":"page","link":"https:\/\/tech3.mypagedemo.com\/id4\/","title":{"rendered":"Trang ch\u1ee7"},"content":{"rendered":"<p>[vc_row css=&#8221;.vc_custom_1671100654212{padding-top: 30px !important;}&#8221; el_class=&#8221;wrap_phauthuat&#8221; animation_type=&#8221;fadeIn&#8221;][vc_column width=&#8221;1\/3&#8243;][vc_custom_heading text=&#8221;M\u00e1ng h\u01b0\u1edbng d\u1eabn<br \/>\nph\u1eabu thu\u1eadt&#8221; use_theme_fonts=&#8221;yes&#8221; text_transform=&#8221;text-uppercase&#8221; el_class=&#8221;custom_heading&#8221;][vc_column_text]M\u00e1ng h\u01b0\u1edbng d\u1eabn ph\u1eabu thu\u1eadt Implant l\u00e0 d\u1ee5ng c\u1ee5 chuy\u00ean d\u1ee5ng, \u0111\u01b0\u1ee3c thi\u1ebft k\u1ebf d\u1ef1a tr\u00ean phim ch\u1ee5p CT Conebeam v\u00e0 d\u1ea5u h\u00e0m c\u1ee7a t\u1eebng b\u1ec7nh nh\u00e2n. M\u00e1ng 3D trong su\u1ed1t \u0111\u01b0\u1ee3c \u1ee9ng d\u1ee5ng ch\u1ee7 y\u1ebfu trong ph\u1eabu thu\u1eadt Implant.[\/vc_column_text][\/vc_column][vc_column width=&#8221;2\/3&#8243;]<div id=\"porto-carousel-193551884269e52a841f2d2\" class=\"porto-carousel-wrapper  \" data-gutter=\"0\" data-rtl=\"false\" ><div class=\"porto-ultimate-carousel porto-carousel-188858209469e52a841f285 \" ><div class=\"porto-item-wrap\"><div class=\"porto-sicon-box  wpb_custom_1efe903570d178ff0a9b7bfa5febd3a4 style_1 default-icon flex-wrap\"><div class=\"porto-sicon-default\"><div class=\"porto-item-wrap\"><div id=\"porto-icon-190710884369e52a841febc\" class=\"porto-just-icon-wrapper porto-sicon-img\" style=\"font-size: 370px;\"><img class=\"img-icon\" alt=\"\" src=\"https:\/\/tech3.mypagedemo.com\/id4\/wp-content\/uploads\/2022\/12\/home-1.jpg\" width=\"370\" height=\"280\" \/><\/div><\/div><\/div><div class=\"porto-sicon-header\"><h3 class=\"porto-sicon-title\" style=\"\">iD - 4 Guide<\/h3><\/div> <!-- header --><div class=\"porto-sicon-description\" style=\"\">Gi\u1ea3i Ph\u00e1p cho b\u1ec7n nh\u00e2n c\u00f2n r\u0103ng<br \/>\nC\u1ea5y gh\u00e9p m\u1ed9t hay nhi\u1ec1u Implant<\/div> <!-- description --><\/div><!-- porto-sicon-box --><\/div><div class=\"porto-item-wrap\"><div class=\"porto-sicon-box  wpb_custom_1efe903570d178ff0a9b7bfa5febd3a4 style_1 default-icon flex-wrap\"><div class=\"porto-sicon-default\"><div class=\"porto-item-wrap\"><div id=\"porto-icon-140521928669e52a84209e9\" class=\"porto-just-icon-wrapper porto-sicon-img\" style=\"font-size: 370px;\"><img class=\"img-icon\" alt=\"\" src=\"https:\/\/tech3.mypagedemo.com\/id4\/wp-content\/uploads\/2022\/12\/home-2.jpg\" width=\"370\" height=\"280\" \/><\/div><\/div><\/div><div class=\"porto-sicon-header\"><h3 class=\"porto-sicon-title\" style=\"\">iD-4 Stackable GUIDE<\/h3><\/div> <!-- header --><div class=\"porto-sicon-description\" style=\"\">Gi\u1ea3i ph\u00e1p cho b\u1ec7nh nh\u00e2n c\u00f2n r\u0103ng hay m\u1ea5t r\u0103ng to\u00e0n b\u1ed9 c\u00f3 nhu c\u1ea7u \u0111i\u1ec1u tr\u1ecb c\u1ea5y gh\u00e9p Implant to\u00e0n h\u00e0m<\/div> <!-- description --><\/div><!-- porto-sicon-box --><\/div><div class=\"porto-item-wrap\"><div class=\"porto-sicon-box  wpb_custom_1efe903570d178ff0a9b7bfa5febd3a4 style_1 default-icon flex-wrap\"><div class=\"porto-sicon-default\"><div class=\"porto-item-wrap\"><div id=\"porto-icon-40652203669e52a8421453\" class=\"porto-just-icon-wrapper porto-sicon-img\" style=\"font-size: 370px;\"><img class=\"img-icon\" alt=\"\" src=\"https:\/\/tech3.mypagedemo.com\/id4\/wp-content\/uploads\/2022\/12\/home-2.jpg\" width=\"370\" height=\"280\" \/><\/div><\/div><\/div><div class=\"porto-sicon-header\"><h3 class=\"porto-sicon-title\" style=\"\">iD-4 Stackable GUIDE 2<\/h3><\/div> <!-- header --><div class=\"porto-sicon-description\" style=\"\">Gi\u1ea3i ph\u00e1p cho b\u1ec7nh nh\u00e2n c\u00f2n r\u0103ng hay m\u1ea5t r\u0103ng to\u00e0n b\u1ed9 c\u00f3 nhu c\u1ea7u \u0111i\u1ec1u tr\u1ecb c\u1ea5y gh\u00e9p Implant to\u00e0n h\u00e0m<\/div> <!-- description --><\/div><!-- porto-sicon-box --><\/div><\/div><\/div><script>\n\tjQuery(document).ready(function ($) {\n\t\tif ($.fn.slick) {\n\t\t\t$('.porto-carousel-188858209469e52a841f285').slick({dots: true,autoplaySpeed: 5000,speed: 300,infinite: true,arrows: false,slidesToScroll:1,slidesToShow:2,swipe: true,draggable: true,touchMove: true,pauseOnHover: true,responsive: [\n\t\t\t\t{\n\t\t\t\t  breakpoint: 1025,\n\t\t\t\t  settings: {\n\t\t\t\t\tslidesToShow: 2,\n\t\t\t\t\tslidesToScroll: 1,  \n\t\t\t\t  }\n\t\t\t\t},\n\t\t\t\t{\n\t\t\t\t  breakpoint: 769,\n\t\t\t\t  settings: {\n\t\t\t\t\tslidesToShow: 2,\n\t\t\t\t\tslidesToScroll: 2\n\t\t\t\t  }\n\t\t\t\t},\n\t\t\t\t{\n\t\t\t\t  breakpoint: 481,\n\t\t\t\t  settings: {\n\t\t\t\t\tslidesToShow: 2,\n\t\t\t\t\tslidesToScroll: 2\n\t\t\t\t  }\n\t\t\t\t}\n\t\t\t],pauseOnDotsHover: true,customPaging: function(slider, i) {\n\t   return '<i type=\"button\" style=\"color:#05889c;\" class=\"fas fa-circle\" data-role=\"none\"><\/i>';\n\t},});\n\t\t} else {\n\t\t\tvar c = document.createElement(\"script\");\n\t\t\tc.src = \"\";\n\t\t\tif (!$('script[src=\"' + c.src + '\"]').length) {\n\t\t\t\tdocument.getElementsByTagName(\"body\")[0].appendChild(c);\n\t\t\t}\n\t\t\tc = document.createElement(\"script\");\n\t\t\tc.src = \"\";\n\t\t\tif (!$('script[src=\"' + c.src + '\"]').length) {\n\t\t\t\tdocument.getElementsByTagName(\"body\")[0].appendChild(c);\n\t\t\t}\n\t\t\tsetTimeout(function() {\n\t\t\t\tif ($.fn.slick) { $('.porto-carousel-188858209469e52a841f285').slick({dots: true,autoplaySpeed: 5000,speed: 300,infinite: true,arrows: false,slidesToScroll:1,slidesToShow:2,swipe: true,draggable: true,touchMove: true,pauseOnHover: true,responsive: [\n\t\t\t\t{\n\t\t\t\t  breakpoint: 1025,\n\t\t\t\t  settings: {\n\t\t\t\t\tslidesToShow: 2,\n\t\t\t\t\tslidesToScroll: 1,  \n\t\t\t\t  }\n\t\t\t\t},\n\t\t\t\t{\n\t\t\t\t  breakpoint: 769,\n\t\t\t\t  settings: {\n\t\t\t\t\tslidesToShow: 2,\n\t\t\t\t\tslidesToScroll: 2\n\t\t\t\t  }\n\t\t\t\t},\n\t\t\t\t{\n\t\t\t\t  breakpoint: 481,\n\t\t\t\t  settings: {\n\t\t\t\t\tslidesToShow: 2,\n\t\t\t\t\tslidesToScroll: 2\n\t\t\t\t  }\n\t\t\t\t}\n\t\t\t],pauseOnDotsHover: true,customPaging: function(slider, i) {\n\t   return '<i type=\"button\" style=\"color:#05889c;\" class=\"fas fa-circle\" data-role=\"none\"><\/i>';\n\t},}); }\n\t\t\t}, 300);\n\t\t}\n\t});\n<\/script>\n[\/vc_column][\/vc_row][vc_row animation_type=&#8221;fadeInUp&#8221;][vc_column][vc_custom_heading text=&#8221;iD-4TM STACKABLE GUIDE&#8221; font_container=&#8221;tag:h2|text_align:center&#8221; use_theme_fonts=&#8221;yes&#8221; text_transform=&#8221;text-uppercase&#8221; el_class=&#8221;custom_heading heading_center&#8221;][vc_column_text]<\/p>\n<p style=\"text-align: center;\">Comprehensive guide for an ideal treatment<\/p>\n<p>[\/vc_column_text][vc_column_text]<strong>M\u00e1ng h\u01b0\u1edbng d\u1eabn ph\u1eabu thu\u1eadt cho b\u1ec7nh nh\u00e2n to\u00e0n h\u00e0m<br \/>\n<\/strong>iD-4 Stackable GUIDE l\u00e0 gi\u1ea3i ph\u00e1p h\u00e0ng \u0111\u1ea7u \u0111\u1ec3 nha s\u0129 ph\u1eabu thu\u1eadt All-on-X m\u1ed9t c\u00e1ch nhanh ch\u00f3ng, an to\u00e0n v\u00e0 hi\u1ec7u qu\u1ea3 ; \u0111\u01b0\u1ee3c t\u1ea1o ra b\u1eb1ng c\u00f4ng ngh\u1ec7 k\u0129 thu\u1eadt s\u1ed1 hi\u1ec7n \u0111\u1ea1i v\u00e0 ch\u00ednh x\u00e1c. M\u00e1ng h\u01b0\u1edbng d\u1eabn g\u1ed3m nhi\u1ec1u th\u00e0nh ph\u1ea7n: m\u00e1ng h\u01b0\u1edbng d\u1eabn \u0111\u1ecbnh v\u1ecb h\u1ea1 m\u00e0o x\u01b0\u01a1ng, m\u00e1ng h\u1ea1 m\u00e0o x\u01b0\u01a1ng, m\u00e1ng h\u01b0\u1edbng d\u1eabn ph\u1eabu thu\u1eadt, c\u1ea7u r\u0103ng t\u1ea1m ghi d\u1ea5u c\u1eafn, c\u1ea7u r\u0103ng t\u1ea1m sau c\u00f9ng. Trong h\u1ea7u h\u1ebft c\u00e1c tr\u01b0\u1eddng h\u1ee3p, nha s\u0129 ch\u1ec9 c\u1ea7n cung c\u1ea5p: phim CBCT, m\u1eabu h\u00e0m v\u00e0 d\u1ea5u ghi t\u01b0\u01a1ng quan kh\u1edbp c\u1eafn 2 h\u00e0m ch\u00ednh x\u00e1c.[\/vc_column_text][vc_row_inner el_class=&#8221;wrap_listtext&#8221;][vc_column_inner width=&#8221;1\/2&#8243;][vc_single_image image=&#8221;51&#8243; img_size=&#8221;full&#8221; alignment=&#8221;center&#8221;][vc_btn title=&#8221;T\u00ecm hi\u1ec3u th\u00eam v\u1ec1 iD-4 Stackable GUIDE&#8221; style=&#8221;custom&#8221; custom_background=&#8221;#05889c&#8221; custom_text=&#8221;#ffffff&#8221; align=&#8221;center&#8221; el_class=&#8221;btn_custom&#8221; link=&#8221;url:http%3A%2F%2Ftech3.mypagedemo.com%2Fid4%2Fid-4tm-stackable-guide|title:Th%C3%A0nh%20ph%E1%BA%A7n%20iD4%20Stackable%20GUIDE&#8221;][\/vc_column_inner][vc_column_inner width=&#8221;1\/2&#8243;][vc_column_text]<\/p>\n<ul>\n<li><strong>V\u1ecb tr\u00ed h\u1ea1 m\u00e0o x\u01b0\u01a1ng\/ V\u1ecb tr\u00ed Implant\/ Abutment \/ Ph\u1ee5c h\u00ecnh:<\/strong> T\u1ea5t c\u1ea3 \u0111\u1ec1u \u0111\u01b0\u1ee3c l\u00ean k\u1ebf ho\u1ea1ch v\u00e0 thi\u1ebft k\u1ebf ch\u00ednh x\u00e1c<\/li>\n<li><strong>Kh\u00f4ng b\u1ecb bi\u1ebfn d\u1ea1ng<\/strong><br \/>\niD-4 Stackable GUIDE s\u1eed d\u1ee5ng c\u00f4ng ngh\u1ec7 in kim lo\u1ea1i<br \/>\n(crom-coban \/titanium), t\u1eeb \u0111\u00f3 kh\u1eafc ph\u1ee5c \u0111\u01b0\u1ee3c nh\u01b0\u1ee3c \u0111i\u1ec3m c\u1ee7a m\u00e1ng h\u01b0\u1edbng d\u1eabn b\u1eb1ng nh\u1ef1a \u0111em l\u1ea1i \u0111\u1ed9 ch\u00ednh x\u00e1c ho\u00e0n h\u1ea3o<\/li>\n<li><strong>\u0110\u1ecbnh v\u1ecb ch\u00ednh x\u00e1c v\u1ecb tr\u00ed Implant<\/strong><br \/>\niD-4 Stackable GUIDE cho ph\u00e9p \u0111\u1ecbnh h\u01b0\u1edbng v\u00e0 quan s\u00e1t to\u00e0n di\u1ec7n khi khoan, h\u1ea1n ch\u1ebf t\u1ed1i \u0111a m\u1ecdi sai s\u00f3t trong qu\u00e1 tr\u00ecnh<br \/>\nph\u1eabu thu\u1eadt.<\/li>\n<li><strong>D\u1ec5 d\u00e0ng thao t\u00e1c<\/strong><br \/>\niD-4 Stackable GUIDE cho ph\u00e9p th\u00e1o \u2013 l\u1eafp c\u00e1c th\u00e0nh ph\u1ea7n c\u1ee7a m\u00e1ng m\u1ed9t c\u00e1ch d\u1ec5 d\u00e0ng v\u00e0 nhanh ch\u00f3ng<\/li>\n<li><strong>Mang l\u1ea1i s\u1ef1 t\u1ef1 tin<\/strong><br \/>\niD-4 Stackable Guide mang l\u1ea1i s\u1ef1 t\u1ef1 tin cho m\u1ecdi ph\u1eabu thu\u1eadt vi\u00ean<\/li>\n<li><strong>C\u00f3 th\u1ec3 d\u00f9ng \u0111\u1ec3 ghi d\u1ea5u c\u1eafn<\/strong><br \/>\nThay th\u1ebf l\u1ea5y d\u1ea5u, \u0111\u00e1nh gi\u00e1 th\u1ea9m m\u1ef9, m\u1eb7t ph\u1eb3ng nhai.<\/li>\n<li><strong>C\u00f3 th\u1ec3 th\u1ef1c hi\u1ec7n ph\u1ee5c h\u00ecnh c\u1ea7u r\u0103ng t\u1ea1m tr\u1ef1c ti\u1ebfp trong mi\u1ec7ng<\/strong><\/li>\n<\/ul>\n<p>[\/vc_column_text][\/vc_column_inner][\/vc_row_inner][\/vc_column][\/vc_row][vc_row full_width=&#8221;stretch_row_content_no_spaces&#8221; animation_duration=&#8221;1500&#8243; el_class=&#8221;wrap_gallery&#8221; animation_type=&#8221;slideInLeft&#8221;][vc_column][vc_empty_space][vc_media_grid element_width=&#8221;2&#8243; item=&#8221;mediaGrid_FadeInWithIcon&#8221; initial_loading_animation=&#8221;slideInLeft&#8221; grid_id=&#8221;vc_gid:1671786686916-2c3e0981-f9fd-6&#8243; include=&#8221;60,61,62,63,64,65,66,67,69,68,59,58&#8243;][\/vc_column][\/vc_row][vc_row full_width=&#8221;stretch_row&#8221; css=&#8221;.vc_custom_1670489801706{background-image: url(http:\/\/tech3.mypagedemo.com\/id4\/wp-content\/uploads\/2022\/12\/bg-home-1.jpg?id=74) !important;background-position: center !important;background-repeat: no-repeat !important;background-size: cover !important;}&#8221; el_class=&#8221;wrap_bg_fixed&#8221; animation_type=&#8221;fadeInUp&#8221;][vc_column css=&#8221;.vc_custom_1670320946969{padding-top: 30px !important;}&#8221;][vc_custom_heading text=&#8221;iD-4 STACKABLE GUIDE&#8221; font_container=&#8221;tag:h2|text_align:center&#8221; use_theme_fonts=&#8221;yes&#8221; text_transform=&#8221;text-uppercase&#8221; el_class=&#8221;heading_white&#8221;][vc_empty_space]<div id=\"porto-carousel-31956058169e52a84218e9\" class=\"porto-carousel-wrapper  \" data-gutter=\"0\" data-rtl=\"false\" ><div class=\"porto-ultimate-carousel porto-carousel-139956648469e52a84218b6 \" ><div class=\"porto-item-wrap\"><div class=\"porto-sicon-box  wpb_custom_1efe903570d178ff0a9b7bfa5febd3a4 style_1 top-icon\"><div class=\"porto-sicon-top\"><div class=\"porto-item-wrap\"><div id=\"porto-icon-135522249569e52a84223ab\" class=\"porto-just-icon-wrapper porto-sicon-img\" style=\"font-size: 230px;\"><img class=\"img-icon\" alt=\"\" src=\"https:\/\/tech3.mypagedemo.com\/id4\/wp-content\/uploads\/2022\/12\/home-4.jpg\" width=\"230\" height=\"170\" \/><\/div><\/div><\/div><div class=\"porto-sicon-header\"><h3 class=\"porto-sicon-title\" style=\"\">M\u00e1ng h\u01b0\u1edbng d\u1eabn \u0111\u1ecbnh v\u1ecb h\u1ea1 m\u00e0o x\u01b0\u01a1ng<\/h3><\/div> <!-- header --><\/div><!-- porto-sicon-box --><\/div><div class=\"porto-item-wrap\"><div class=\"porto-sicon-box  wpb_custom_1efe903570d178ff0a9b7bfa5febd3a4 style_1 top-icon\"><div class=\"porto-sicon-top\"><div class=\"porto-item-wrap\"><div id=\"porto-icon-10936173069e52a8422ef2\" class=\"porto-just-icon-wrapper porto-sicon-img\" style=\"font-size: 230px;\"><img class=\"img-icon\" alt=\"\" src=\"https:\/\/tech3.mypagedemo.com\/id4\/wp-content\/uploads\/2022\/12\/home-6.jpg\" width=\"230\" height=\"170\" \/><\/div><\/div><\/div><div class=\"porto-sicon-header\"><h3 class=\"porto-sicon-title\" style=\"\">M\u00e1ng h\u1ea1 m\u00e0o x\u01b0\u01a1ng<\/h3><\/div> <!-- header --><\/div><!-- porto-sicon-box --><\/div><div class=\"porto-item-wrap\"><div class=\"porto-sicon-box  wpb_custom_1efe903570d178ff0a9b7bfa5febd3a4 style_1 top-icon\"><div class=\"porto-sicon-top\"><div class=\"porto-item-wrap\"><div id=\"porto-icon-859052669e52a8423aa0\" class=\"porto-just-icon-wrapper porto-sicon-img\" style=\"font-size: 230px;\"><img class=\"img-icon\" alt=\"\" src=\"https:\/\/tech3.mypagedemo.com\/id4\/wp-content\/uploads\/2022\/12\/home-5.jpg\" width=\"230\" height=\"170\" \/><\/div><\/div><\/div><div class=\"porto-sicon-header\"><h3 class=\"porto-sicon-title\" style=\"\">M\u00e1ng h\u01b0\u1edbng d\u1eabn ph\u1eabu thu\u1eadt<\/h3><\/div> <!-- header --><\/div><!-- porto-sicon-box --><\/div><div class=\"porto-item-wrap\"><div class=\"porto-sicon-box  wpb_custom_1efe903570d178ff0a9b7bfa5febd3a4 style_1 top-icon\"><div class=\"porto-sicon-top\"><div class=\"porto-item-wrap\"><div id=\"porto-icon-7252657269e52a8424611\" class=\"porto-just-icon-wrapper porto-sicon-img\" style=\"font-size: 230px;\"><img class=\"img-icon\" alt=\"\" src=\"https:\/\/tech3.mypagedemo.com\/id4\/wp-content\/uploads\/2022\/12\/home-7.jpg\" width=\"230\" height=\"170\" \/><\/div><\/div><\/div><div class=\"porto-sicon-header\"><h3 class=\"porto-sicon-title\" style=\"\">C\u1ea7u r\u0103ng t\u1ea1m ghi d\u1ea5u c\u1eafn<\/h3><\/div> <!-- header --><\/div><!-- porto-sicon-box --><\/div><div class=\"porto-item-wrap\"><div class=\"porto-sicon-box  wpb_custom_1efe903570d178ff0a9b7bfa5febd3a4 style_1 top-icon\"><div class=\"porto-sicon-top\"><div class=\"porto-item-wrap\"><div id=\"porto-icon-3185173869e52a8424ff6\" class=\"porto-just-icon-wrapper porto-sicon-img\" style=\"font-size: 230px;\"><img class=\"img-icon\" alt=\"\" src=\"https:\/\/tech3.mypagedemo.com\/id4\/wp-content\/uploads\/2022\/12\/home-7.jpg\" width=\"230\" height=\"170\" \/><\/div><\/div><\/div><div class=\"porto-sicon-header\"><h3 class=\"porto-sicon-title\" style=\"\">C\u1ea7u r\u0103ng t\u1ea1m sau c\u00f9ng<\/h3><\/div> <!-- header --><\/div><!-- porto-sicon-box --><\/div><\/div><\/div><script>\n\tjQuery(document).ready(function ($) {\n\t\tif ($.fn.slick) {\n\t\t\t$('.porto-carousel-139956648469e52a84218b6').slick({dots: false,autoplaySpeed: 5000,speed: 300,infinite: false,arrows: false,slidesToScroll:1,slidesToShow:5,swipe: true,draggable: true,touchMove: true,pauseOnHover: true,responsive: [\n\t\t\t\t{\n\t\t\t\t  breakpoint: 1025,\n\t\t\t\t  settings: {\n\t\t\t\t\tslidesToShow: 5,\n\t\t\t\t\tslidesToScroll: 1,  \n\t\t\t\t  }\n\t\t\t\t},\n\t\t\t\t{\n\t\t\t\t  breakpoint: 769,\n\t\t\t\t  settings: {\n\t\t\t\t\tslidesToShow: 3,\n\t\t\t\t\tslidesToScroll: 3\n\t\t\t\t  }\n\t\t\t\t},\n\t\t\t\t{\n\t\t\t\t  breakpoint: 481,\n\t\t\t\t  settings: {\n\t\t\t\t\tslidesToShow: 2,\n\t\t\t\t\tslidesToScroll: 2\n\t\t\t\t  }\n\t\t\t\t}\n\t\t\t],pauseOnDotsHover: true,customPaging: function(slider, i) {\n\t   return '<i type=\"button\" style=\"color:#333333;\" class=\"far fa-circle\" data-role=\"none\"><\/i>';\n\t},});\n\t\t} else {\n\t\t\tvar c = document.createElement(\"script\");\n\t\t\tc.src = \"\";\n\t\t\tif (!$('script[src=\"' + c.src + '\"]').length) {\n\t\t\t\tdocument.getElementsByTagName(\"body\")[0].appendChild(c);\n\t\t\t}\n\t\t\tc = document.createElement(\"script\");\n\t\t\tc.src = \"\";\n\t\t\tif (!$('script[src=\"' + c.src + '\"]').length) {\n\t\t\t\tdocument.getElementsByTagName(\"body\")[0].appendChild(c);\n\t\t\t}\n\t\t\tsetTimeout(function() {\n\t\t\t\tif ($.fn.slick) { $('.porto-carousel-139956648469e52a84218b6').slick({dots: false,autoplaySpeed: 5000,speed: 300,infinite: false,arrows: false,slidesToScroll:1,slidesToShow:5,swipe: true,draggable: true,touchMove: true,pauseOnHover: true,responsive: [\n\t\t\t\t{\n\t\t\t\t  breakpoint: 1025,\n\t\t\t\t  settings: {\n\t\t\t\t\tslidesToShow: 5,\n\t\t\t\t\tslidesToScroll: 1,  \n\t\t\t\t  }\n\t\t\t\t},\n\t\t\t\t{\n\t\t\t\t  breakpoint: 769,\n\t\t\t\t  settings: {\n\t\t\t\t\tslidesToShow: 3,\n\t\t\t\t\tslidesToScroll: 3\n\t\t\t\t  }\n\t\t\t\t},\n\t\t\t\t{\n\t\t\t\t  breakpoint: 481,\n\t\t\t\t  settings: {\n\t\t\t\t\tslidesToShow: 2,\n\t\t\t\t\tslidesToScroll: 2\n\t\t\t\t  }\n\t\t\t\t}\n\t\t\t],pauseOnDotsHover: true,customPaging: function(slider, i) {\n\t   return '<i type=\"button\" style=\"color:#333333;\" class=\"far fa-circle\" data-role=\"none\"><\/i>';\n\t},}); }\n\t\t\t}, 300);\n\t\t}\n\t});\n<\/script>\n[\/vc_column][\/vc_row][vc_row animation_type=&#8221;fadeInUp&#8221;][vc_column][vc_custom_heading text=&#8221;iD-4 GUIDE&#8221; font_container=&#8221;tag:h2|text_align:center&#8221; use_theme_fonts=&#8221;yes&#8221; text_transform=&#8221;text-uppercase&#8221; el_class=&#8221;custom_heading heading_center&#8221;][vc_column_text]<\/p>\n<p style=\"text-align: center;\">Simple tool that leads to successful treatment<\/p>\n<p>[\/vc_column_text][vc_column_text]<strong>M\u00e1ng h\u01b0\u1edbng d\u1eabn ph\u1eabu thu\u1eadt cho b\u1ec7nh nh\u00e2n m\u1ea5t r\u0103ng b\u00e1n ph\u1ea7n<\/strong><br \/>\niD-4TM GUIDE l\u00e0 m\u00e1ng h\u01b0\u1edbng d\u1eabn ph\u1eabu thu\u1eadt \u0111\u00e3 \u0111\u01b0\u1ee3c thi\u1ebft k\u1ebf theo k\u1ebf ho\u1ea1ch \u0111i\u1ec1u tr\u1ecb t\u1eeb tr\u01b0\u1edbc, gi\u00fap b\u00e1c s\u0129 c\u1ea5y gh\u00e9p Implant \u1edf v\u1ecb tr\u00ed ch\u00ednh x\u00e1c, v\u1edbi \u0111\u1ed9 s\u00e2u v\u00e0 chi\u1ec1u h\u01b0\u1edbng l\u00fd t\u01b0\u1edfng nh\u1ea5t. M\u00e1ng \u0111\u01b0\u1ee3c l\u00e0m b\u1eb1ng nh\u1ef1a acrylic c\u1ee9ng ch\u1eafc, \u0111\u1ea3m b\u1ea3o s\u1ef1 \u1ed5n \u0111\u1ecbnh v\u00e0 kh\u00f4ng bi\u1ebfn d\u1ea1ng trong qu\u00e1 tr\u00ecnh thao t\u00e1c. Tr\u00ean m\u00e1ng c\u00f3 m\u1ed9t ho\u1eb7c nhi\u1ec1u xi lanh kim lo\u1ea1i \u0111\u01b0\u1ee3c t\u00edch h\u1ee3p v\u00e0o trong nh\u1ef1a acrylic, h\u01b0\u1edbng d\u1eabn qu\u00e1 tr\u00ecnh ph\u1eabu thu\u1eadt th\u00f4ng qua c\u1eeda s\u1ed5 m\u1edf[\/vc_column_text][vc_row_inner el_class=&#8221;wrap_listtext&#8221;][vc_column_inner width=&#8221;1\/2&#8243;][vc_single_image image=&#8221;92&#8243; img_size=&#8221;full&#8221; alignment=&#8221;center&#8221;][vc_btn title=&#8221;T\u00ecm hi\u1ec3u th\u00eam v\u1ec1 iD-4 GUIDE&#8221; style=&#8221;custom&#8221; custom_background=&#8221;#05889c&#8221; custom_text=&#8221;#ffffff&#8221; align=&#8221;center&#8221; el_class=&#8221;btn_custom&#8221; link=&#8221;url:http%3A%2F%2Ftech3.mypagedemo.com%2Fid4%2Fid-4-guide|title:iD-4%20Guide&#8221;][\/vc_column_inner][vc_column_inner width=&#8221;1\/2&#8243;][vc_column_text]<\/p>\n<ul>\n<li><strong>\u0110\u1ecbnh v\u1ecb ch\u00ednh x\u00e1c v\u1ecb tr\u00ed Implant<\/strong><br \/>\niD-4 GUIDE cho ph\u00e9p \u0111\u1ecbnh h\u01b0\u1edbng v\u00e0 quan s\u00e1t to\u00e0n di\u1ec7n khi khoan, h\u1ea1n ch\u1ebf t\u1ed1i \u0111a m\u1ecdi sai s\u00f3t trong qu\u00e1 tr\u00ecnh ph\u1eabu thu\u1eadt<\/li>\n<li>M<strong>ang l\u1ea1i s\u1ef1 t\u1ef1 tin<\/strong><br \/>\niD-4 Guide mang l\u1ea1i s\u1ef1 t\u1ef1 tin cho m\u1ecdi ph\u1eabu thu\u1eadt vi\u00ean<br \/>\ntrong qu\u00e1 tr\u00ecnh ph\u1eabu thu\u1eadt<\/li>\n<\/ul>\n<p>[\/vc_column_text][\/vc_column_inner][\/vc_row_inner][\/vc_column][\/vc_row][vc_row full_width=&#8221;stretch_row&#8221; css=&#8221;.vc_custom_1670489817380{background-color: #fafaf6 !important;}&#8221; animation_type=&#8221;fadeIn&#8221;][vc_column][vc_custom_heading text=&#8221;Chuy\u00ean gia n\u00f3i g\u00ec v\u1ec1 iD-4 Solution&#8221; font_container=&#8221;tag:h2|text_align:center&#8221; use_theme_fonts=&#8221;yes&#8221; text_transform=&#8221;text-uppercase&#8221; el_class=&#8221;custom_heading heading_center&#8221;][vc_empty_space][vc_row_inner][vc_column_inner width=&#8221;2\/3&#8243;][vc_column_text]<strong>B\u00e1c s\u0129 B\u00e1ch<br \/>\n<\/strong><br \/>\n\u201cT\u00f4i \u0111\u00e3 s\u1eed d\u1ee5ng h\u1ec7 th\u1ed1ng m\u00e1ng h\u01b0\u1edbng d\u1eabn ph\u1eabu thu\u1eadt c\u1ee7a trung t\u00e2m iD4 t\u1eeb n\u0103m 2020 cho \u0111\u1ebfn nay v\u00e0 v\u00f4 c\u00f9ng h\u00e0i l\u00f2ng v\u1edbi ch\u1ea5t l\u01b0\u1ee3ng c\u1ee7a s\u1ea3n ph\u1ea9m. Nh\u1edd h\u1ec7 th\u1ed1ng m\u00e1ng h\u01b0\u1edbng d\u1eabn ch\u00ednh x\u00e1c, vi\u1ec7c th\u1ef1c hi\u1ec7n c\u00e1c ca ph\u1eabu thu\u1eadt c\u1ea5y gh\u00e9p Implant \u0111\u00e3 tr\u1edf n\u00ean nhanh ch\u00f3ng v\u00e0 an to\u00e0n h\u01a1n r\u1ea5t nhi\u1ec1u\u201d[\/vc_column_text][\/vc_column_inner][vc_column_inner width=&#8221;1\/3&#8243;][vc_single_image image=&#8221;96&#8243; img_size=&#8221;full&#8221;][\/vc_column_inner][\/vc_row_inner][vc_row_inner el_class=&#8221;order_col&#8221;][vc_column_inner width=&#8221;2\/3&#8243;][vc_column_text]<strong>B\u00e1c s\u0129 Xu\u00e2n<br \/>\n<\/strong><br \/>\n\u201cT\u1eeb nh\u1eefng ca c\u1ea5y gh\u00e9p Implant \u0111\u1ea7u ti\u00ean t\u00f4i \u0111\u00e3 s\u1eed d\u1ee5ng m\u00e1ng h\u01b0\u1edbng d\u1eabn ph\u1eabu thu\u1eadt c\u1ee7a trung t\u00e2m iD4. C\u00e1c ca ph\u1eabu thu\u1eadt \u0111\u1ec1u th\u00e0nh c\u00f4ng ngo\u00e0i s\u1ef1 mong \u0111\u1ee3i. \u0110\u1ed9i ng\u1ee7 b\u00e1c s\u0129 v\u00e0 chuy\u00ean vi\u00ean lu\u00f4n \u0111\u1ed3ng h\u00e0nh c\u00f9ng t\u00f4i trong c\u00e1c ca l\u00e2m s\u00e0ng. \u201d[\/vc_column_text][\/vc_column_inner][vc_column_inner width=&#8221;1\/3&#8243;][vc_single_image image=&#8221;97&#8243; img_size=&#8221;full&#8221;][\/vc_column_inner][\/vc_row_inner][\/vc_column][\/vc_row]<\/p>\n","protected":false},"excerpt":{"rendered":"<p>[vc_row css=&#8221;.vc_custom_1671100654212{padding-top: 30px !important;}&#8221; el_class=&#8221;wrap_phauthuat&#8221; animation_type=&#8221;fadeIn&#8221;][vc_column width=&#8221;1\/3&#8243;][vc_custom_heading text=&#8221;M\u00e1ng h\u01b0\u1edbng d\u1eabn ph\u1eabu thu\u1eadt&#8221; use_theme_fonts=&#8221;yes&#8221; text_transform=&#8221;text-uppercase&#8221; el_class=&#8221;custom_heading&#8221;][vc_column_text]M\u00e1ng h\u01b0\u1edbng d\u1eabn ph\u1eabu thu\u1eadt Implant l\u00e0 d\u1ee5ng c\u1ee5 chuy\u00ean d\u1ee5ng, \u0111\u01b0\u1ee3c thi\u1ebft k\u1ebf d\u1ef1a tr\u00ean phim ch\u1ee5p CT Conebeam v\u00e0 d\u1ea5u h\u00e0m c\u1ee7a t\u1eebng b\u1ec7nh nh\u00e2n. M\u00e1ng 3D trong su\u1ed1t \u0111\u01b0\u1ee3c \u1ee9ng d\u1ee5ng ch\u1ee7 y\u1ebfu trong ph\u1eabu thu\u1eadt Implant.[\/vc_column_text][\/vc_column][vc_column width=&#8221;2\/3&#8243;][\/vc_column][\/vc_row][vc_row [&hellip;]<\/p>\n","protected":false},"author":1,"featured_media":0,"parent":0,"menu_order":0,"comment_status":"closed","ping_status":"closed","template":"","meta":[],"_links":{"self":[{"href":"https:\/\/tech3.mypagedemo.com\/id4\/wp-json\/wp\/v2\/pages\/2"}],"collection":[{"href":"https:\/\/tech3.mypagedemo.com\/id4\/wp-json\/wp\/v2\/pages"}],"about":[{"href":"https:\/\/tech3.mypagedemo.com\/id4\/wp-json\/wp\/v2\/types\/page"}],"author":[{"embeddable":true,"href":"https:\/\/tech3.mypagedemo.com\/id4\/wp-json\/wp\/v2\/users\/1"}],"replies":[{"embeddable":true,"href":"https:\/\/tech3.mypagedemo.com\/id4\/wp-json\/wp\/v2\/comments?post=2"}],"version-history":[{"count":47,"href":"https:\/\/tech3.mypagedemo.com\/id4\/wp-json\/wp\/v2\/pages\/2\/revisions"}],"predecessor-version":[{"id":314,"href":"https:\/\/tech3.mypagedemo.com\/id4\/wp-json\/wp\/v2\/pages\/2\/revisions\/314"}],"wp:attachment":[{"href":"https:\/\/tech3.mypagedemo.com\/id4\/wp-json\/wp\/v2\/media?parent=2"}],"curies":[{"name":"wp","href":"https:\/\/api.w.org\/{rel}","templated":true}]}}