{"id":103,"date":"2021-11-09T05:49:26","date_gmt":"2021-11-09T05:49:26","guid":{"rendered":"http:\/\/tech3.mypagedemo.com\/saprimco\/?post_type=product&#038;p=103"},"modified":"2022-03-01T09:11:28","modified_gmt":"2022-03-01T09:11:28","slug":"muc-in-saprimco","status":"publish","type":"product","link":"https:\/\/tech3.mypagedemo.com\/saprimco\/san-pham\/muc-in-saprimco\/","title":{"rendered":"M\u1ef1c in Saprimco"},"content":{"rendered":"<p><span style=\"font-size: 17px;\"><em>\u0110\u1eb7c t\u00ednh c\u1ee7a s\u1ea3n ph\u1ea9m c\u00f3 th\u1ec3 b\u1ecb \u1ea3nh h\u01b0\u1edfng b\u1edfi \u0111i\u1ec1u ki\u1ec7n m\u00f4i tr\u01b0\u1eddng c\u0169ng nh\u01b0 ch\u1ea5t l\u01b0\u1ee3ng c\u1ee7a nguy\u00ean v\u1eadt li\u1ec7u in. V\u00ec v\u1eady, ch\u00fang t\u00f4i \u0111\u1ec1 ngh\u1ecb n\u00ean th\u1eed nghi\u1ec7m m\u1ed9t l\u01b0\u1ee3ng nh\u1ecf s\u1ea3n ph\u1ea9m v\u1ec1 t\u00ednh t\u01b0\u01a1ng h\u1ee3p tr\u01b0\u1edbc khi \u0111\u01b0a v\u00e0o s\u1eed d\u1ee5ng \u0111\u1ec3 gi\u1ea3m thi\u1ec3u r\u1ee7i ro cho kh\u00e1ch h\u00e0ng.<\/em><\/span><\/p>\n<p><span style=\"font-size: 17px;\"><strong>V\u1eadt li\u1ec7u in: <\/strong>Th\u00edch h\u1ee3p in tr\u00ean c\u00e1c lo\u1ea1i gi\u1ea5y nh\u01b0: Bristol, Duplex, Fort, Couche, Couche matt,Kraff\u2026<\/span><\/p>\n<p><span style=\"font-size: 17px;\"><strong>\u1ee8ng d\u1ee5ng: <\/strong>In bao b\u00ec, nh\u00e3n h\u00e0ng, brochure, t\u1ea1p ch\u00ed, s\u00e1ch b\u00e1o, l\u1ecbch, v\u00e9 s\u1ed1\u2026<\/span><\/p>\n<p><span style=\"font-size: 17px;\"><strong>Quy c\u00e1ch \u0111\u00f3ng g\u00f3i v\u00e0 b\u1ea3o qu\u1ea3n:<\/strong><\/span><\/p>\n<ul>\n<li><span style=\"font-size: 17px;\">\u0110\u00f3ng g\u00f3i:<\/span><br \/>\n<span style=\"font-size: 17px;\">D\u00f2ng R; I: 2.5kg\/lon &#8211; 6lon\/th\u00f9ng carton; D\u00f2ng C: 6kg\/lon \u2013 4 lon\/ th\u00f9ng carton.<\/span><\/li>\n<li><span style=\"font-size: 17px;\">B\u1ea3o qu\u1ea3n:<\/span><br \/>\n<span style=\"font-size: 17px;\">S\u1ea3n ph\u1ea9m \u0111\u01b0\u1ee3c b\u1ea3o qu\u1ea3n trong \u0111i\u1ec1u ki\u1ec7n tho\u00e1ng m\u00e1t trong th\u1eddi h\u1ea1n 3 n\u0103m k\u1ec3 t\u1eeb ng\u00e0y s\u1ea3n xu\u1ea5t. M\u1ef1c in \u0111\u00e3 khui ra s\u1eed d\u1ee5ng ph\u1ea3i b\u1ea3o qu\u1ea3n b\u1eb1ng c\u00e1ch \u0111\u1eady k\u00edn n\u1eafp ng\u0103n kh\u00f4ng cho ti\u1ebfp x\u00fac tr\u1ef1c ti\u1ebfp v\u1edbi kh\u00f4ng kh\u00ed.<\/span><\/li>\n<\/ul>\n","protected":false},"excerpt":{"rendered":"<p><span style=\"font-size: 17px;\">G\u1ed3m c\u00e1c d\u00f2ng m\u1ef1c mang m\u00e3 R, I, C<\/span><\/p>\n<p><span style=\"font-size: 17px;\"><strong>Th\u00e0nh Ph\u1ea7n ch\u00ednh:<\/strong><\/span><\/p>\n<ul>\n<li><span style=\"font-size: 17px;\">Ch\u1ea5t t\u1ea1o m\u00e0u<\/span><\/li>\n<li><span style=\"font-size: 17px;\">Nh\u1ef1a t\u1ed5ng h\u1ee3p<\/span><\/li>\n<li><span style=\"font-size: 17px;\">Ch\u1ea5t ph\u1ee5 gia<\/span><\/li>\n<\/ul>\n<p><span style=\"font-size: 17px;\"><strong>\u0110\u1eb7c t\u00ednh k\u1ef9 thu\u1eadt:<\/strong><\/span><\/p>\n<ul>\n<li><span style=\"font-size: 17px;\">Kh\u00f4 nhanh tr\u00ean gi\u1ea5y, r\u00fat ng\u1eafn th\u1eddi gian ch\u1edd sau in, ti\u1ebft ki\u1ec7m \u0111\u01b0\u1ee3c b\u1ed9t phun.<\/span><\/li>\n<li><span style=\"font-size: 17px;\">\u0110\u1ed9 b\u00e1m d\u00ednh t\u1ed1t, m\u00e0u s\u1eafc t\u01b0\u01a1i s\u00e1ng.<\/span><\/li>\n<li><span style=\"font-size: 17px;\">Kh\u00e1ng tr\u1ea7y x\u01b0\u1edbc t\u1ed1t<\/span><\/li>\n<\/ul>\n<p>&nbsp;<\/p>\n","protected":false},"featured_media":406,"template":"","meta":[],"product_cat":[16],"product_tag":[],"class_list":["post-103","product","type-product","status-publish","has-post-thumbnail","hentry","product_cat-chua-phan-loai"],"_links":{"self":[{"href":"https:\/\/tech3.mypagedemo.com\/saprimco\/wp-json\/wp\/v2\/product\/103","targetHints":{"allow":["GET"]}}],"collection":[{"href":"https:\/\/tech3.mypagedemo.com\/saprimco\/wp-json\/wp\/v2\/product"}],"about":[{"href":"https:\/\/tech3.mypagedemo.com\/saprimco\/wp-json\/wp\/v2\/types\/product"}],"wp:featuredmedia":[{"embeddable":true,"href":"https:\/\/tech3.mypagedemo.com\/saprimco\/wp-json\/wp\/v2\/media\/406"}],"wp:attachment":[{"href":"https:\/\/tech3.mypagedemo.com\/saprimco\/wp-json\/wp\/v2\/media?parent=103"}],"wp:term":[{"taxonomy":"product_cat","embeddable":true,"href":"https:\/\/tech3.mypagedemo.com\/saprimco\/wp-json\/wp\/v2\/product_cat?post=103"},{"taxonomy":"product_tag","embeddable":true,"href":"https:\/\/tech3.mypagedemo.com\/saprimco\/wp-json\/wp\/v2\/product_tag?post=103"}],"curies":[{"name":"wp","href":"https:\/\/api.w.org\/{rel}","templated":true}]}}